igit of 4662631467?
4
What is the thousands digit of 94039481?
9
What is the millions digit of 232384832?
2
What is the millions digit of 1135641959?
5
What is the units digit of 64720408?
8
What is the ten millions digit of 1624068975?
2
What is the hundred thousands digit of 525874591?
8
What is the hundred millions digit of 1240922213?
2
What is the ten millions digit of 71751226?
7
What is the tens digit of 40200221?
2
What is the hundreds digit of 762859607?
6
What is the units digit of 14814462?
2
What is the hundred thousands digit of 771311149?
3
What is the units digit of 13363551?
1
What is the hundred millions digit of 3130943072?
1
What is the units digit of 6981401?
1
What is the hundred millions digit of 253417182?
2
What is the thousands digit of 733427808?
7
What is the tens digit of 321451142?
4
What is the ten millions digit of 40831998?
4
What is the hundred thousands digit of 2668728253?
7
What is the hundreds digit of 1747124137?
1
What is the hundred thousands digit of 697209?
6
What is the tens digit of 699168758?
5
What is the hundred thousands digit of 505122565?
1
What is the units digit of 1851378?
8
What is the ten thousands digit of 387292821?
9
What is the millions digit of 56755727?
6
What is the tens digit of 4930931119?
1
What is the ten millions digit of 5364083178?
6
What is the tens digit of 231395961?
6
What is the thousands digit of 288445244?
5
What is the units digit of 520756177?
7
What is the millions digit of 936302743?
6
What is the hundreds digit of 515939963?
9
What is the units digit of 1407528631?
1
What is the hundreds digit of 7150244?
2
What is the hundreds digit of 511943816?
8
What is the hundreds digit of 66407792?
7
What is the ten thousands digit of 232334601?
3
What is the millions digit of 239286672?
9
What is the ten millions digit of 1018721639?
1
What is the ten thousands digit of 1819363070?
6
What is the thousands digit of 27144199?
4
What is the hundred millions digit of 5714954655?
7
What is the millions digit of 1615313477?
5
What is the hundreds digit of 734984842?
8
What is the hundred millions digit of 4268658235?
2
What is the ten thousands digit of 7049612?
4
What is the hundred thousands digit of 1312709156?
7
What is the ten millions digit of 267891811?
6
What is the hundreds digit of 23346923?
9
What is the hundred thousands digit of 133336472?
3
What is the ten thousands digit of 796271146?
7
What is the hundred thousands digit of 139590512?
5
What is the millions digit of 1638079?
1
What is the ten millions digit of 10296936?
1
What is the hundred millions digit of 118156653?
1
What is the tens digit of 51880657?
5
What is the units digit of 284118128?
8
What is the thousands digit of 191208787?
8
What is the hundred millions digit of 1837461968?
8
What is the ten thousands digit of 3879471482?
7
What is the hundreds digit of 5353515177?
1
What is the ten millions digit of 175900400?
7
What is the ten thousands digit of 673278853?
7
What is the ten thousands digit of 297942662?
4
What is the tens digit of 2215486723?
2
What is the hundreds digit of 866319464?
4
What is the ten thousands digit of 441212646?
1
What is the ten thousands digit of 18450756?
5
What is the ten thousands digit of 775309372?
0
What is the hundred thousands digit of 72823555?
8
What is the hundreds digit of 6725132161?
1
What is the tens digit of 37245634?
3
What is the ten thousands digit of 40008927?
0
What is the hundreds digit of 3575415496?
4
What is the ten thousands digit of 54568909?
6
What is the units digit of 215140123?
3
What is the ten thousands digit of 7287480633?
8
What is the millions digit of 1053050831?
3
What is the ten millions digit of 56902130?
5
What is the ten thousands digit of 772529114?
2
What is the ten millions digit of 288201379?
8
What is the ten millions digit of 57246897?
5
What is the units digit of 18005420?
0
What is the hundred thousands digit of 1267523684?
5
What is the millions digit of 1024167720?
4
What is the hundreds digit of 27228355?
3
What is the hundred millions digit of 2945031769?
9
What is the ten thousands digit of 403258965?
5
What is the millions digit of 59812284?
9
What is the hundred thousands digit of 1875341190?
3
What is the hundred thousands digit of 56459477?
4
What is the ten thousands digit of 46128426?
2
What is the ten thousands digit of 6760371?
6
What is the hundred thousands digit of 141664531?
6
What is the ten millions digit of 244439573?
4
What is the tens digit of 297798258?
5
What is the hundred thousands digit of 4499540553?
5
What is the hundreds digit of 45141945?
9
What is the hundred thousands digit of 527571318?
5
What is the units digit of 111267056?
6
What is the units digit of 136332991?
1
What is the millions digit of 140095271?
0
What is the thousands digit of 119210727?
0
What is the tens digit of 94727193?
9
What is the hundred thousands digit of 142446359?
4
What is the millions digit of 79690653?
9
What is the millions digit of 322140142?
2
What is the thousands digit of 147256031?
6
What is the ten thousands digit of 73202431?
0
What is the ten millions digit of 14302670?
1
What is the hundred millions digit of 1097111657?
0
What is the hundreds digit of 246163708?
7
What is the hundred thousands digit of 25608501?
6
What is the millions digit of 451592013?
1
What is the thousands digit of 1118023?
8
What is the ten millions digit of 609252279?
0
What is the hundreds digit of 4518392006?
0
What is the hundred millions digit of 350116523?
3
What is the thousands digit of 1414016547?
6
What is the ten thousands digit of 1562787894?
8
What is the hundred thousands digit of 166548515?
5
What is the units digit of 1671233?
3
What is the hundreds digit of 4196745412?
4
What is the hundreds digit of 3369498690?
6
What is the thousands digit of 1154198978?
8
What is the ten millions digit of 74070239?
7
What is the ten thousands digit of 13589072?
8
What is the hundreds digit of 2377876573?
5
What is the ten thousands digit of 597996944?
9
What is the units digit of 53730468?
8
What is the hundreds digit of 766414834?
8
What is the tens digit of 1270942807?
0
What is the hundreds digit of 51821323?
3
What is the ten thousands digit of 61328707?
2
What is the ten thousands digit of 217107554?
0
What is the millions digit of 1445428737?
5
What is the millions digit of 1585166605?
5
What is the ten thousands digit of 1016394438?
9
What is the hundred millions digit of 276383444?
2
What is the millions digit of 2923006665?
3
What is the hundreds digit of 18066170?
1
What is the millions digit of 409651591?
9
What is the hundred thousands digit of 41272745?
2
What is the thousands digit of 3859445?
9
What is the ten thousands digit of 519336082?
3
What is the units digit of 83531906?
6
What is the millions digit of 531357931?
1
What is the hundred millions digit of 1070684963?
0
What is the units digit of 5352299785?
5
What is the hundreds digit of 17467558?
5
What is the hundred thousands digit of 6558560460?
5
What is the millions digit of 43178035?
3
What is the ten thousands digit of 661160712?
6
What is the hundred thousands digit of 457839333?
8
What is the units digit of 587004315?
5
What is the ten millions digit of 1223869339?
2
What is the ten millions digit of 142524985?
4
What is the tens digit of 307308656?
5
What is the hundred millions digit of 495736318?
4
What is the units digit of 25825922?
2
What is the hundred millions digit of 3312836848?
3
What is the ten millions digit of 223082995?
2
What is the hundreds digit of 1198394950?
9
What is the millions digit of 27813235?
7
What is the ten thousands digit of 978332482?
3
What is the tens digit of 10549556?
5
What is the tens digit of 155628362?
6
What is the ten millions digit of 10294438?
1
What is the ten thousands digit of 36738965?
3
What is the hundred millions digit of 877478415?
8
What is the ten thousands digit of 94184557?
8
What is the units digit of 66204018?
8
What is the ten millions digit of 617864665?
1
What is the hundred millions digit of 255072801?
2
What is the tens digit of 81046948?
4
What is the hundred thousands digit of 22071955?
0
What is the ten thousands digit of 74225950?
2
What is the hundred millions digit of 6438869